{"id":83,"date":"2017-07-10T16:29:34","date_gmt":"2017-07-10T15:29:34","guid":{"rendered":"http:\/\/wcaot2017.blogs.upv.es\/?page_id=83"},"modified":"2018-10-11T10:49:02","modified_gmt":"2018-10-11T10:49:02","slug":"participants","status":"publish","type":"page","link":"https:\/\/wfaot2018.webs.upv.es\/index.php\/participants\/","title":{"rendered":"Participants"},"content":{"rendered":"<table width=\"687\">\n<tbody>\n<tr>\n<td>Aliaga Varea, Ram\u00f3n Jos\u00e9<\/td>\n<td>Universitat Polit\u00e8cnica de Val\u00e8ncia (Spain)<\/td>\n<td><a href=\"mailto:raalva@i3m.upv.es\">raalva@i3m.upv.es<\/a><\/td>\n<\/tr>\n<tr>\n<td>Asensio L\u00f3pez, Vicente<\/td>\n<td>Universitat Polit\u00e8cnica de Val\u00e8ncia (Spain)<\/td>\n<td><a href=\"mailto:vialo2@alumni.uv.es\">vialo2@alumni.uv.es<\/a><\/td>\n<\/tr>\n<tr>\n<td>Bartoll Arnau, Salud<\/td>\n<td>Universitat Polit\u00e8cnica de Val\u00e8ncia (Spain)<\/td>\n<td><a href=\"mailto:sbartoll@mat.upv.es\">sbartoll@mat.upv.es<\/a><\/td>\n<\/tr>\n<tr>\n<td>Beltr\u00e1n Meneu, Mar\u00eda Jos\u00e9<\/td>\n<td>Universitat Jaume I (Spain)<\/td>\n<td><a href=\"mailto:mmeneu@uji.es\">mmeneu@uji.es<\/a><\/td>\n<\/tr>\n<tr>\n<td>Bern\u00e1, Pablo Manuel<\/td>\n<td>Universidad Aut\u00f3noma de Madrid, Spain<\/td>\n<td><a href=\"mailto:pmbl1991@gmail.com\">pmbl1991@gmail.com<\/a><\/td>\n<\/tr>\n<tr>\n<td>B\u00e8s, Juan<\/td>\n<td>Bowling Green State University (USA)<\/td>\n<td><a href=\"mailto:jbes@bgsu.edu\">jbes@bgsu.edu<\/a><\/td>\n<\/tr>\n<tr>\n<td>Blasco de la Cruz, \u00d3scar<\/td>\n<td>Universitat de Val\u00e8ncia (Spain)<\/td>\n<td><a href=\"mailto:oscar.blasco@uv.es\">oscar.blasco@uv.es<\/a><\/td>\n<\/tr>\n<tr>\n<td>Boiti, Chiara<\/td>\n<td>Universit\u00e0 degli Studi di Ferrara (Italy)<\/td>\n<td><a href=\"mailto:chiara.boiti@unife.it\">chiara.boiti@unife.it<\/a><\/td>\n<\/tr>\n<tr>\n<td>Bonet Solves, Jos\u00e9<\/td>\n<td>Universitat Polit\u00e8cnica de Val\u00e8ncia (Spain)<\/td>\n<td><a href=\"mailto:jbonet@mat.upv.es\">jbonet@mat.upv.es<\/a><\/td>\n<\/tr>\n<tr>\n<td>Castillo Medina, Jaime<\/td>\n<td>Universitat de Val\u00e8ncia (Spain)<\/td>\n<td><a href=\"mailto:jaime.castillo@uv.es\">jaime.castillo@uv.es<\/a><\/td>\n<\/tr>\n<tr>\n<td>Cias, Tomasz<\/td>\n<td>Adam Mickiewicz University (Poland)<\/td>\n<td><a href=\"mailto:tcias@amu.edu.pl\">tcias@amu.edu.pl<\/a><\/td>\n<\/tr>\n<tr>\n<td>Cobollo, Christian<\/td>\n<td>Universitat de Val\u00e8ncia (Spain)<\/td>\n<td><a href=\"mailto:chcogo@alumni.uv.es\">chcogo@alumni.uv.es<\/a><\/td>\n<\/tr>\n<tr>\n<td>Conejero Casares, Alberto<\/td>\n<td>Universitat Polit\u00e8cnica de Val\u00e8ncia (Spain)<\/td>\n<td><a href=\"mailto:aconejero@mat.upv.es\">aconejero@mat.upv.es<\/a><\/td>\n<\/tr>\n<tr>\n<td>Debrouwere, Andreas<\/td>\n<td>Ghent University (Belgium)<\/td>\n<td><a href=\"mailto:andreas.debrouwere@ugent.be\">andreas.debrouwere@ugent.be<\/a><\/td>\n<\/tr>\n<tr>\n<td>De la Cruz Toranzo, Lianet<\/td>\n<td>Universidad de Holgu\u00edn (Cuba)<\/td>\n<td><a href=\"mailto:lcruzt@uho.edu.cu\">lcruzt@uho.edu.cu<\/a><\/td>\n<\/tr>\n<tr>\n<td>Esser, C\u00e9line<\/td>\n<td>Universit\u00e9 de Li\u00e8ge (Belgium)<\/td>\n<td><a href=\"mailto:celine.esser@ulg.ac.be\">celine.esser@ulg.ac.be<\/a><\/td>\n<\/tr>\n<tr>\n<td>Falc\u00f3, Javier<\/td>\n<td>Universitat de Val\u00e8ncia (Spain)<\/td>\n<td><a href=\"mailto:francisco.j.falco@uv.es\">francisco.j.falco@uv.es<\/a><\/td>\n<\/tr>\n<tr>\n<td>Fern\u00e1ndez Rosell, Carmina<\/td>\n<td>Universitat de Val\u00e8ncia (Spain)<\/td>\n<td><a href=\"mailto:carmen.fdez-rosell@uv.es\">carmen.fdez-rosell@uv.es<\/a><\/td>\n<\/tr>\n<tr>\n<td>Galbis Verd\u00fa, Antonio<\/td>\n<td>Universitat de Val\u00e8ncia (Spain)<\/td>\n<td><a href=\"mailto:antonio.galbis@uv.es\">antonio.galbis@uv.es<\/a><\/td>\n<\/tr>\n<tr>\n<td>Galindo Pastor, Jorge<\/td>\n<td>Universitat Jaume I (Spain)<\/td>\n<td><a href=\"mailto:jgalindo@mat.uji.es\">jgalindo@mat.uji.es<\/a><\/td>\n<\/tr>\n<tr>\n<td>Galindo Pastor, Pablo<\/td>\n<td>Universitat de Val\u00e8ncia (Spain)<\/td>\n<td><a href=\"mailto:pablo.galindo@uv.es\">pablo.galindo@uv.es<\/a><\/td>\n<\/tr>\n<tr>\n<td>Garc\u00eda Bayona, Ismael<\/td>\n<td>Universitat de Val\u00e8ncia (Spain)<\/td>\n<td><a href=\"mailto:miguel.garcia@icmat.es\">miguel.garcia@icmat.es<\/a><\/td>\n<\/tr>\n<tr>\n<td>Garc\u00eda Bravo, Miguel<\/td>\n<td>Universidad Aut\u00f3noma de Madrid (Spain)<\/td>\n<td><a href=\"mailto:ismael.garcia-bayona@uv.es\">ismael.garcia-bayona@uv.es<\/a><\/td>\n<\/tr>\n<tr>\n<td>Garc\u00eda Rodr\u00edguez, Domingo<\/td>\n<td>Universitat de Val\u00e8ncia (Spain)<\/td>\n<td><a href=\"mailto:domingo.garcia@uv.es\">domingo.garcia@uv.es<\/a><\/td>\n<\/tr>\n<tr>\n<td>Gilmore, Clifford<\/td>\n<td>University of Manchester (United Kingdom)<\/td>\n<td><a href=\"mailto:clifford.gilmore@manchester.ac.uk\">clifford.gilmore@manchester.ac.uk<\/a><\/td>\n<\/tr>\n<tr>\n<td>G\u00f3mez Collado, M. Carmen<\/td>\n<td>Universitat Polit\u00e8cnica de Val\u00e8ncia (Spain)<\/td>\n<td><a href=\"mailto:mcgomez@mat.upv.es\">mcgomez@mat.upv.es<\/a><\/td>\n<\/tr>\n<tr>\n<td>G\u00f3mez Orts, Esther<\/td>\n<td>Universitat de Val\u00e8ncia (Spain)<\/td>\n<td><a href=\"mailto:estgo@alumni.uv.es\">estgo@alumni.uv.es<\/a><\/td>\n<\/tr>\n<tr>\n<td>Guirao S\u00e1nchez, Antonio Jos\u00e9<\/td>\n<td>Universitat Polit\u00e8cnica de Val\u00e8ncia (Spain)<\/td>\n<td><a href=\"mailto:anguisa2@mat.upv.es\">anguisa2@mat.upv.es<\/a><\/td>\n<\/tr>\n<tr>\n<td>Jim\u00e9nez-Garrido, Javier<\/td>\n<td>Universidad de Valladolid (Spain)<\/td>\n<td><a href=\"mailto:jjjimenez@am.uva.es\">jjjimenez@am.uva.es<\/a><\/td>\n<\/tr>\n<tr>\n<td>Jord\u00e1 Mora, Enrique<\/td>\n<td>Universitat Polit\u00e8cnica de Val\u00e8ncia (Spain)<\/td>\n<td><a href=\"mailto:ejorda@mat.upv.es\">ejorda@mat.upv.es<\/a><\/td>\n<\/tr>\n<tr>\n<td>Jornet Casanova, David<\/td>\n<td>Universitat Polit\u00e8cnica de Val\u00e8ncia (Spain)<\/td>\n<td><a href=\"mailto:djornet@mat.upv.es\">djornet@mat.upv.es<\/a><\/td>\n<\/tr>\n<tr>\n<td>Kalmes, Thomas<\/td>\n<td>Technische Universit\u00e4t Chemnitz (Germany)<\/td>\n<td><a href=\"mailto:thomas.kalmes@mathematik.tu-chemnitz.de\">thomas.kalmes@mathematik.tu-chemnitz.de<\/a><\/td>\n<\/tr>\n<tr>\n<td>Kizgut, Ersin<\/td>\n<td>Universitat Polit\u00e8cnica de Val\u00e8ncia (Spain)<\/td>\n<td><a href=\"mailto:erkiz@upv.es\">erkiz@upv.es<\/a><\/td>\n<\/tr>\n<tr>\n<td>Lissitsi, Aleksei<\/td>\n<td>University of Tartu (Estonia)<\/td>\n<td><a href=\"mailto:aleksei.lissitsin@ut.ee\">aleksei.lissitsin@ut.ee<\/a><\/td>\n<\/tr>\n<tr>\n<td>Llorens, Enrique<\/td>\n<td>Universitat de Val\u00e8ncia (Spain)<\/td>\n<td><a href=\"mailto:enrique.llorens@uv.es\">enrique.llorens@uv.es<\/a><\/td>\n<\/tr>\n<tr>\n<td>L\u00f3pez Pellicer, Manuel<\/td>\n<td>Universitat Polit\u00e8cnica de Val\u00e8ncia (Spain)<\/td>\n<td><a href=\"mailto:mlopezpe@mat.upv.es\">mlopezpe@mat.upv.es<\/a><\/td>\n<\/tr>\n<tr>\n<td>Maestre Vera, Manuel<\/td>\n<td>Universitat de Val\u00e8ncia (Spain)<\/td>\n<td><a href=\"mailto:manuel.maestre@uv.es\">manuel.maestre@uv.es<\/a><\/td>\n<\/tr>\n<tr>\n<td>Mart\u00edn, Miguel<\/td>\n<td>Universidad de Granada (Spain)<\/td>\n<td><a href=\"mailto:mmartins@ugr.es\">mmartins@ugr.es<\/a><\/td>\n<\/tr>\n<tr>\n<td>Mart\u00ednez Jim\u00e9nez, F\u00e9lix<\/td>\n<td>Universitat Polit\u00e8cnica de Val\u00e8ncia (Spain)<\/td>\n<td><a href=\"mailto:fmartinez@mat.upv.es\">fmartinez@mat.upv.es<\/a><\/td>\n<\/tr>\n<tr>\n<td>Menet, Quentin<\/td>\n<td>Universit\u00e9 d&#8217;Artois (France)<\/td>\n<td><a href=\"mailto:quentin.menet@umons.ac.be\">quentin.menet@umons.ac.be<\/a><\/td>\n<\/tr>\n<tr>\n<td>Montesinos Santaluc\u00eda, Vicente<\/td>\n<td>Universitat Polit\u00e8cnica de Val\u00e8ncia (Spain)<\/td>\n<td><a href=\"mailto:vmontesinos@mat.upv.es\">vmontesinos@mat.upv.es<\/a><\/td>\n<\/tr>\n<tr>\n<td>Moreno D\u00edaz, Jos\u00e9 Pedro<\/td>\n<td>Universidad Aut\u00f3noma de Madrid (Spain)<\/td>\n<td><a href=\"mailto:josepedro.moreno@uam.es\">josepedro.moreno@uam.es<\/a><\/td>\n<\/tr>\n<tr>\n<td>Murillo Arcila, Marina<\/td>\n<td>Universitat Jaume I (Spain)<\/td>\n<td><a href=\"mailto:murillom@uji.es\">murillom@uji.es<\/a><\/td>\n<\/tr>\n<tr>\n<td>Nenning, David<\/td>\n<td>Universit\u00e4t Wien (Austria)<\/td>\n<td><a href=\"mailto:david.nicolas.nenning@univie.ac.at\">david.nicolas.nenning@univie.ac.at<\/a><\/td>\n<\/tr>\n<tr>\n<td>Oliaro, Alessandro<\/td>\n<td>Universit\u00e0 degli Studi de Torino (Italy)<\/td>\n<td><a href=\"mailto:alessandro.oliaro@unito.it\">alessandro.oliaro@unito.it<\/a><\/td>\n<\/tr>\n<tr>\n<td>Orihuela, Jos\u00e9<\/td>\n<td>Universidad de Murcia (Spain)<\/td>\n<td><a href=\"mailto:joseori@um.es\">joseori@um.es<\/a><\/td>\n<\/tr>\n<tr>\n<td>Osan\u00e7l\u0131ol, Alen<\/td>\n<td>Universitat de Val\u00e8ncia (Spain)<\/td>\n<td><a href=\"mailto:osancliola@yahoo.com\">osancliola@yahoo.com<\/a><\/td>\n<\/tr>\n<tr>\n<td>Peris Manguillot, Alfred<\/td>\n<td>Universitat Polit\u00e8cnica de Val\u00e8ncia (Spain)<\/td>\n<td><a href=\"mailto:aperis@mat.upv.es\">aperis@mat.upv.es<\/a><\/td>\n<\/tr>\n<tr>\n<td>Picszczek, Krzysztof<\/td>\n<td>Adam Mickiewicz University, Poland<\/td>\n<td><a href=\"mailto:kpk@amu.edu.pl\">kpk@amu.edu.pl<\/a><\/td>\n<\/tr>\n<tr>\n<td>Pinasco, Damian<\/td>\n<td>Universidad de Buenos Aires (Argentina)<\/td>\n<td><a href=\"mailto:dpinasco@utdt.edu\">dpinasco@utdt.edu<\/a><\/td>\n<\/tr>\n<tr>\n<td>Primo T\u00e1rraga, Eva<\/td>\n<td>Universitat de Val\u00e8ncia (Spain)<\/td>\n<td><a href=\"mailto:eva.primo@uv.es\">eva.primo@uv.es<\/a><\/td>\n<\/tr>\n<tr>\n<td>Raja, Mat\u00edas<\/td>\n<td>Universidad de Murcia (Spain)<\/td>\n<td><a href=\"mailto:matias@um.es\">matias@um.es<\/a><\/td>\n<\/tr>\n<tr>\n<td>Rodenas Escrib\u00e1, Francisco<\/td>\n<td>Universitat Polit\u00e8cnica de Val\u00e8ncia (Spain)<\/td>\n<td><a href=\"mailto:frodenas@mat.upv.es\">frodenas@mat.upv.es<\/a><\/td>\n<\/tr>\n<tr>\n<td>Rodr\u00edguez Arenas, Alberto<\/td>\n<td>Universitat Polit\u00e8cnica de Val\u00e8ncia (Spain)<\/td>\n<td><a href=\"mailto:alrroarr@hotmail.com\">alrroarr@hotmail.com<\/a><\/td>\n<\/tr>\n<tr>\n<td>Rold\u00e1n Blay, \u00d3scar<\/td>\n<td>Universitat de Val\u00e8ncia (Spain)<\/td>\n<td><a href=\"mailto:oscar.roldan@uv.es\">oscar.roldan@uv.es<\/a><\/td>\n<\/tr>\n<tr>\n<td>Rueda Segado, Pilar<\/td>\n<td>Universitat de Val\u00e8ncia (Spain)<\/td>\n<td><a href=\"mailto:pilar.rueda@uv.es\">pilar.rueda@uv.es<\/a><\/td>\n<\/tr>\n<tr>\n<td>S\u00e1nchez, Enrique<\/td>\n<td>Universitat Polit\u00e8cnica de Val\u00e8ncia (Spain)<\/td>\n<td><a href=\"mailto:easancpe@mat.upv.es\">easancpe@mat.upv.es<\/a><\/td>\n<\/tr>\n<tr>\n<td>Sanchis L\u00f3pez, Manuel<\/td>\n<td>Universitat Jaume I (Spain)<\/td>\n<td><a href=\"mailto:sanchis@uji.es\">sanchis@uji.es<\/a><\/td>\n<\/tr>\n<tr>\n<td>Santacreu Ferr\u00e0, Daniel<\/td>\n<td>Universitat de Val\u00e8ncia (Spain)<\/td>\n<td><a href=\"mailto:dasanfe@alumni.uv.es\">dasanfe@alumni.uv.es<\/a><\/td>\n<\/tr>\n<tr>\n<td>Sanz Gil, Javier<\/td>\n<td>Universidad de Valladolid (Spain)<\/td>\n<td><a href=\"mailto:jsanzg@am.uva.es\">jsanzg@am.uva.es<\/a><\/td>\n<\/tr>\n<tr>\n<td>Seoane, Juan<\/td>\n<td>Universidad Complutense de Madrid (Spain)<\/td>\n<td><a href=\"mailto:jseoane@mat.ucm.es\">jseoane@mat.ucm.es<\/a><\/td>\n<\/tr>\n<tr>\n<td>Sevilla Peris, Pablo<\/td>\n<td>Universitat Polit\u00e8cnica de Val\u00e8ncia (Spain)<\/td>\n<td><a href=\"mailto:psevilla@mat.upv.es\">psevilla@mat.upv.es<\/a><\/td>\n<\/tr>\n<tr>\n<td>Schindl Gerhard<\/td>\n<td>Universit\u00e4t Wien (Austria)<\/td>\n<td><a href=\"mailto:gerhard.schindl@univie.ac.at\">gerhard.schindl@univie.ac.at<\/a><\/td>\n<\/tr>\n<tr>\n<td>Toft, Joaquim<\/td>\n<td>Linnaeus University (Swedish)<\/td>\n<td><a href=\"mailto:joachim.toft@lnu.se\">joachim.toft@lnu.se<\/a><\/td>\n<\/tr>\n<tr>\n<td>Vogt, Dietmar<\/td>\n<td>Bergische Universit\u00e4t Wuppertal (Germany)<\/td>\n<td><a href=\"mailto:dvogt@math.uni-wuppertal.de\">dvogt@math.uni-wuppertal.de<\/a><\/td>\n<\/tr>\n<tr>\n<td>Wengenroth, Jochen<\/td>\n<td>Universit\u00e4t Trier (Germany)<\/td>\n<td><a href=\"mailto:wengenroth@uni-trier.de\">wengenroth@uni-trier.de<\/a><\/td>\n<\/tr>\n<\/tbody>\n<\/table>\n","protected":false},"excerpt":{"rendered":"<p>Aliaga Varea, Ram\u00f3n Jos\u00e9 Universitat Polit\u00e8cnica de Val\u00e8ncia (Spain) raalva@i3m.upv.es Asensio L\u00f3pez, Vicente Universitat Polit\u00e8cnica de Val\u00e8ncia (Spain) vialo2@alumni.uv.es Bartoll Arnau, Salud Universitat Polit\u00e8cnica de Val\u00e8ncia (Spain) sbartoll@mat.upv.es Beltr\u00e1n Meneu, Mar\u00eda Jos\u00e9 Universitat Jaume I (Spain) mmeneu@uji.es Bern\u00e1, Pablo Manuel Universidad Aut\u00f3noma de Madrid, Spain pmbl1991@gmail.com B\u00e8s, Juan Bowling Green State University (USA) jbes@bgsu.edu Blasco &hellip; <a href=\"https:\/\/wfaot2018.webs.upv.es\/index.php\/participants\/\" class=\"more-link\">Seguir leyendo <span class=\"screen-reader-text\">Participants<\/span> <span class=\"meta-nav\">&rarr;<\/span><\/a><\/p>\n","protected":false},"author":4,"featured_media":0,"parent":0,"menu_order":0,"comment_status":"closed","ping_status":"closed","template":"","meta":{"inline_featured_image":false,"footnotes":""},"class_list":["post-83","page","type-page","status-publish","hentry"],"_links":{"self":[{"href":"https:\/\/wfaot2018.webs.upv.es\/index.php\/wp-json\/wp\/v2\/pages\/83","targetHints":{"allow":["GET"]}}],"collection":[{"href":"https:\/\/wfaot2018.webs.upv.es\/index.php\/wp-json\/wp\/v2\/pages"}],"about":[{"href":"https:\/\/wfaot2018.webs.upv.es\/index.php\/wp-json\/wp\/v2\/types\/page"}],"author":[{"embeddable":true,"href":"https:\/\/wfaot2018.webs.upv.es\/index.php\/wp-json\/wp\/v2\/users\/4"}],"replies":[{"embeddable":true,"href":"https:\/\/wfaot2018.webs.upv.es\/index.php\/wp-json\/wp\/v2\/comments?post=83"}],"version-history":[{"count":37,"href":"https:\/\/wfaot2018.webs.upv.es\/index.php\/wp-json\/wp\/v2\/pages\/83\/revisions"}],"predecessor-version":[{"id":1554,"href":"https:\/\/wfaot2018.webs.upv.es\/index.php\/wp-json\/wp\/v2\/pages\/83\/revisions\/1554"}],"wp:attachment":[{"href":"https:\/\/wfaot2018.webs.upv.es\/index.php\/wp-json\/wp\/v2\/media?parent=83"}],"curies":[{"name":"wp","href":"https:\/\/api.w.org\/{rel}","templated":true}]}}